{"id":1484,"date":"2025-06-24T09:20:43","date_gmt":"2025-06-24T07:20:43","guid":{"rendered":"https:\/\/chambres-hotes-sarzeau.fr\/?page_id=1484"},"modified":"2026-03-01T15:06:28","modified_gmt":"2026-03-01T14:06:28","slug":"chambre-palissandre","status":"publish","type":"page","link":"https:\/\/chambres-hotes-sarzeau.fr\/index.php\/chambre-palissandre\/","title":{"rendered":"Chambre d&rsquo;h\u00f4te Amarr\u00e9 : Palissandre &#8211; Sarzeau"},"content":{"rendered":"\n<div class=\"wp-block-group alignwide has-global-padding is-layout-constrained wp-block-group-is-layout-constrained\">\n<div class=\"wp-block-columns alignwide is-layout-flex wp-container-core-columns-is-layout-28f84493 wp-block-columns-is-layout-flex\">\n<div class=\"wp-block-column is-layout-flow wp-block-column-is-layout-flow\" style=\"flex-basis:33.33%\">\n<h3 class=\"wp-block-heading has-contrast-color has-text-color has-link-color has-large-font-size wp-elements-c04e2cfb0565da3dbcba60faaed760f5\">A partir de 90 <strong>Euros<\/strong> <strong>la nuit<\/strong> petit d\u00e9jeuner inclus<\/h3>\n\n\n\n<h3 class=\"wp-block-heading has-danger-color has-text-color has-link-color wp-elements-77be51674488ff18268dc6d9b32c5e8c\"><strong>Une atmosph\u00e8re douce et apaisante<\/strong><\/h3>\n\n\n\n<p>La <strong>chambre Palissandre<\/strong> est une v\u00e9ritable invitation au calme et \u00e0 l\u2019\u00e9vasion. Son <strong>velux balcon<\/strong> inonde la pi\u00e8ce de <strong>lumi\u00e8re naturelle<\/strong>, cr\u00e9ant une sensation d\u2019espace et d\u2019ouverture sur l\u2019ext\u00e9rieur.<\/p>\n\n\n\n<hr class=\"wp-block-separator has-alpha-channel-opacity\"\/>\n\n\n\n<h3 class=\"wp-block-heading has-danger-color has-text-color has-link-color wp-elements-3db3b0af89df170d802da6624e729782\"><strong>Un cocon chaleureux et raffin\u00e9<\/strong><\/h3>\n\n\n\n<p>Dans un esprit de <strong>campagne contemporaine<\/strong>, les <strong>tons blancs, beiges et terre de Sienne<\/strong>, associ\u00e9s \u00e0 des \u00e9l\u00e9ments de <strong>vannerie naturelle<\/strong>, donnent vie \u00e0 une ambiance \u00e0 la fois <strong>authentique, \u00e9pur\u00e9e et \u00e9l\u00e9gante<\/strong>.<\/p>\n\n\n\n<hr class=\"wp-block-separator has-alpha-channel-opacity\"\/>\n\n\n\n<h3 class=\"wp-block-heading has-danger-color has-text-color has-link-color wp-elements-3e3bfccea304a701be5f2ea2e03badc8\"><strong>Un lieu pour se ressourcer<\/strong><\/h3>\n\n\n\n<p>Ce cadre serein est id\u00e9al pour un <strong>s\u00e9jour romantique, une pause bien-\u00eatre ou une escapade en bord de mer<\/strong>. Chaque d\u00e9tail a \u00e9t\u00e9 pens\u00e9 pour votre confort.<\/p>\n\n\n\n<h3 class=\"wp-block-heading has-danger-color has-text-color has-link-color wp-elements-811c368313dc28f277183ab491a04009\"><strong>R\u00e9servez votre parenth\u00e8se de s\u00e9r\u00e9nit\u00e9<\/strong><\/h3>\n\n\n\n<hr class=\"wp-block-separator has-alpha-channel-opacity\"\/>\n\n\n\n<p>Offrez-vous un moment unique dans un d\u00e9cor inspirant.<br><strong>R\u00e9servez d\u00e8s maintenant votre s\u00e9jour dans la chambre Palissandre<\/strong> <strong>\u00e0 partir de 90 Euros<\/strong> <strong>la nuit<\/strong> <strong>Petit d\u00e9jeuner inclus.<\/strong><\/p>\n<\/div>\n\n\n\n<div class=\"wp-block-column is-layout-flow wp-block-column-is-layout-flow\" style=\"flex-basis:66.66%\">\n<figure class=\"wp-block-gallery has-nested-images columns-5 is-cropped wp-block-gallery-1 is-layout-flex wp-block-gallery-is-layout-flex\">\n<figure class=\"wp-block-image size-large\"><img alt=\"\" loading=\"lazy\" decoding=\"async\" width=\"1024\" height=\"576\" data-id=\"1246\" src=\"https:\/\/chambres-hotes-sarzeau.fr\/wp-content\/uploads\/2025\/06\/Chambre-dhotes-palissandre-sarzeau--1024x576.jpg\" alt=\"\" class=\"wp-image-1246\" srcset=\"https:\/\/chambres-hotes-sarzeau.fr\/wp-content\/uploads\/2025\/06\/Chambre-dhotes-palissandre-sarzeau--1024x576.jpg 1024w, https:\/\/chambres-hotes-sarzeau.fr\/wp-content\/uploads\/2025\/06\/Chambre-dhotes-palissandre-sarzeau--300x169.jpg 300w, https:\/\/chambres-hotes-sarzeau.fr\/wp-content\/uploads\/2025\/06\/Chambre-dhotes-palissandre-sarzeau--768x432.jpg 768w, https:\/\/chambres-hotes-sarzeau.fr\/wp-content\/uploads\/2025\/06\/Chambre-dhotes-palissandre-sarzeau--1536x864.jpg 1536w, https:\/\/chambres-hotes-sarzeau.fr\/wp-content\/uploads\/2025\/06\/Chambre-dhotes-palissandre-sarzeau--2048x1152.jpg 2048w, https:\/\/chambres-hotes-sarzeau.fr\/wp-content\/uploads\/2025\/06\/Chambre-dhotes-palissandre-sarzeau--600x338.jpg 600w\" sizes=\"auto, (max-width: 1024px) 100vw, 1024px\" \/><\/figure>\n\n\n\n<figure class=\"wp-block-image size-large\"><img alt=\"\" loading=\"lazy\" decoding=\"async\" width=\"576\" height=\"1024\" data-id=\"1256\" src=\"https:\/\/chambres-hotes-sarzeau.fr\/wp-content\/uploads\/2025\/06\/20230307_144332-576x1024.jpg\" alt=\"\" class=\"wp-image-1256\" srcset=\"https:\/\/chambres-hotes-sarzeau.fr\/wp-content\/uploads\/2025\/06\/20230307_144332-576x1024.jpg 576w, https:\/\/chambres-hotes-sarzeau.fr\/wp-content\/uploads\/2025\/06\/20230307_144332-169x300.jpg 169w, https:\/\/chambres-hotes-sarzeau.fr\/wp-content\/uploads\/2025\/06\/20230307_144332-768x1365.jpg 768w, https:\/\/chambres-hotes-sarzeau.fr\/wp-content\/uploads\/2025\/06\/20230307_144332-864x1536.jpg 864w, https:\/\/chambres-hotes-sarzeau.fr\/wp-content\/uploads\/2025\/06\/20230307_144332-1152x2048.jpg 1152w, https:\/\/chambres-hotes-sarzeau.fr\/wp-content\/uploads\/2025\/06\/20230307_144332-600x1067.jpg 600w, https:\/\/chambres-hotes-sarzeau.fr\/wp-content\/uploads\/2025\/06\/20230307_144332-scaled.jpg 1440w\" sizes=\"auto, (max-width: 576px) 100vw, 576px\" \/><\/figure>\n\n\n\n<figure class=\"wp-block-image size-large\"><img alt=\"\" loading=\"lazy\" decoding=\"async\" width=\"576\" height=\"1024\" data-id=\"1255\" src=\"https:\/\/chambres-hotes-sarzeau.fr\/wp-content\/uploads\/2025\/06\/20230307_143716-576x1024.jpg\" alt=\"\" class=\"wp-image-1255\" srcset=\"https:\/\/chambres-hotes-sarzeau.fr\/wp-content\/uploads\/2025\/06\/20230307_143716-576x1024.jpg 576w, https:\/\/chambres-hotes-sarzeau.fr\/wp-content\/uploads\/2025\/06\/20230307_143716-169x300.jpg 169w, https:\/\/chambres-hotes-sarzeau.fr\/wp-content\/uploads\/2025\/06\/20230307_143716-768x1365.jpg 768w, https:\/\/chambres-hotes-sarzeau.fr\/wp-content\/uploads\/2025\/06\/20230307_143716-864x1536.jpg 864w, https:\/\/chambres-hotes-sarzeau.fr\/wp-content\/uploads\/2025\/06\/20230307_143716-1152x2048.jpg 1152w, https:\/\/chambres-hotes-sarzeau.fr\/wp-content\/uploads\/2025\/06\/20230307_143716-600x1067.jpg 600w, https:\/\/chambres-hotes-sarzeau.fr\/wp-content\/uploads\/2025\/06\/20230307_143716-scaled.jpg 1440w\" sizes=\"auto, (max-width: 576px) 100vw, 576px\" \/><\/figure>\n\n\n\n<figure class=\"wp-block-image size-large\"><img alt=\"\" loading=\"lazy\" decoding=\"async\" width=\"576\" height=\"1024\" data-id=\"1254\" src=\"https:\/\/chambres-hotes-sarzeau.fr\/wp-content\/uploads\/2025\/06\/20230307_143506-576x1024.jpg\" alt=\"\" class=\"wp-image-1254\" srcset=\"https:\/\/chambres-hotes-sarzeau.fr\/wp-content\/uploads\/2025\/06\/20230307_143506-576x1024.jpg 576w, https:\/\/chambres-hotes-sarzeau.fr\/wp-content\/uploads\/2025\/06\/20230307_143506-169x300.jpg 169w, https:\/\/chambres-hotes-sarzeau.fr\/wp-content\/uploads\/2025\/06\/20230307_143506-768x1365.jpg 768w, https:\/\/chambres-hotes-sarzeau.fr\/wp-content\/uploads\/2025\/06\/20230307_143506-864x1536.jpg 864w, https:\/\/chambres-hotes-sarzeau.fr\/wp-content\/uploads\/2025\/06\/20230307_143506-1152x2048.jpg 1152w, https:\/\/chambres-hotes-sarzeau.fr\/wp-content\/uploads\/2025\/06\/20230307_143506-600x1067.jpg 600w, https:\/\/chambres-hotes-sarzeau.fr\/wp-content\/uploads\/2025\/06\/20230307_143506-scaled.jpg 1440w\" sizes=\"auto, (max-width: 576px) 100vw, 576px\" \/><\/figure>\n\n\n\n<figure class=\"wp-block-image size-large\"><img alt=\"\" loading=\"lazy\" decoding=\"async\" width=\"576\" height=\"1024\" data-id=\"1253\" src=\"https:\/\/chambres-hotes-sarzeau.fr\/wp-content\/uploads\/2025\/06\/20230307_143254-576x1024.jpg\" alt=\"\" class=\"wp-image-1253\" srcset=\"https:\/\/chambres-hotes-sarzeau.fr\/wp-content\/uploads\/2025\/06\/20230307_143254-576x1024.jpg 576w, https:\/\/chambres-hotes-sarzeau.fr\/wp-content\/uploads\/2025\/06\/20230307_143254-169x300.jpg 169w, https:\/\/chambres-hotes-sarzeau.fr\/wp-content\/uploads\/2025\/06\/20230307_143254-768x1365.jpg 768w, https:\/\/chambres-hotes-sarzeau.fr\/wp-content\/uploads\/2025\/06\/20230307_143254-864x1536.jpg 864w, https:\/\/chambres-hotes-sarzeau.fr\/wp-content\/uploads\/2025\/06\/20230307_143254-1152x2048.jpg 1152w, https:\/\/chambres-hotes-sarzeau.fr\/wp-content\/uploads\/2025\/06\/20230307_143254-600x1067.jpg 600w, https:\/\/chambres-hotes-sarzeau.fr\/wp-content\/uploads\/2025\/06\/20230307_143254-scaled.jpg 1440w\" sizes=\"auto, (max-width: 576px) 100vw, 576px\" \/><\/figure>\n\n\n\n<figure class=\"wp-block-image size-large\"><img alt=\"\" loading=\"lazy\" decoding=\"async\" width=\"576\" height=\"1024\" data-id=\"1252\" src=\"https:\/\/chambres-hotes-sarzeau.fr\/wp-content\/uploads\/2025\/06\/20230307_142903-576x1024.jpg\" alt=\"\" class=\"wp-image-1252\" srcset=\"https:\/\/chambres-hotes-sarzeau.fr\/wp-content\/uploads\/2025\/06\/20230307_142903-576x1024.jpg 576w, https:\/\/chambres-hotes-sarzeau.fr\/wp-content\/uploads\/2025\/06\/20230307_142903-169x300.jpg 169w, https:\/\/chambres-hotes-sarzeau.fr\/wp-content\/uploads\/2025\/06\/20230307_142903-768x1365.jpg 768w, https:\/\/chambres-hotes-sarzeau.fr\/wp-content\/uploads\/2025\/06\/20230307_142903-864x1536.jpg 864w, https:\/\/chambres-hotes-sarzeau.fr\/wp-content\/uploads\/2025\/06\/20230307_142903-1152x2048.jpg 1152w, https:\/\/chambres-hotes-sarzeau.fr\/wp-content\/uploads\/2025\/06\/20230307_142903-600x1067.jpg 600w, https:\/\/chambres-hotes-sarzeau.fr\/wp-content\/uploads\/2025\/06\/20230307_142903-scaled.jpg 1440w\" sizes=\"auto, (max-width: 576px) 100vw, 576px\" \/><\/figure>\n\n\n\n<figure class=\"wp-block-image size-large\"><img alt=\"\" loading=\"lazy\" decoding=\"async\" width=\"576\" height=\"1024\" data-id=\"1251\" src=\"https:\/\/chambres-hotes-sarzeau.fr\/wp-content\/uploads\/2025\/06\/20220505_101518-576x1024.jpg\" alt=\"\" class=\"wp-image-1251\" srcset=\"https:\/\/chambres-hotes-sarzeau.fr\/wp-content\/uploads\/2025\/06\/20220505_101518-576x1024.jpg 576w, https:\/\/chambres-hotes-sarzeau.fr\/wp-content\/uploads\/2025\/06\/20220505_101518-169x300.jpg 169w, https:\/\/chambres-hotes-sarzeau.fr\/wp-content\/uploads\/2025\/06\/20220505_101518-768x1365.jpg 768w, https:\/\/chambres-hotes-sarzeau.fr\/wp-content\/uploads\/2025\/06\/20220505_101518-864x1536.jpg 864w, https:\/\/chambres-hotes-sarzeau.fr\/wp-content\/uploads\/2025\/06\/20220505_101518-1152x2048.jpg 1152w, https:\/\/chambres-hotes-sarzeau.fr\/wp-content\/uploads\/2025\/06\/20220505_101518-600x1067.jpg 600w, https:\/\/chambres-hotes-sarzeau.fr\/wp-content\/uploads\/2025\/06\/20220505_101518-scaled.jpg 1440w\" sizes=\"auto, (max-width: 576px) 100vw, 576px\" \/><\/figure>\n\n\n\n<figure class=\"wp-block-image size-large\"><img alt=\"\" loading=\"lazy\" decoding=\"async\" width=\"576\" height=\"1024\" data-id=\"1261\" src=\"https:\/\/chambres-hotes-sarzeau.fr\/wp-content\/uploads\/2025\/06\/20250605_095139-576x1024.jpg\" alt=\"\" class=\"wp-image-1261\" srcset=\"https:\/\/chambres-hotes-sarzeau.fr\/wp-content\/uploads\/2025\/06\/20250605_095139-576x1024.jpg 576w, https:\/\/chambres-hotes-sarzeau.fr\/wp-content\/uploads\/2025\/06\/20250605_095139-169x300.jpg 169w, https:\/\/chambres-hotes-sarzeau.fr\/wp-content\/uploads\/2025\/06\/20250605_095139-768x1365.jpg 768w, https:\/\/chambres-hotes-sarzeau.fr\/wp-content\/uploads\/2025\/06\/20250605_095139-864x1536.jpg 864w, https:\/\/chambres-hotes-sarzeau.fr\/wp-content\/uploads\/2025\/06\/20250605_095139-1152x2048.jpg 1152w, https:\/\/chambres-hotes-sarzeau.fr\/wp-content\/uploads\/2025\/06\/20250605_095139-600x1067.jpg 600w, https:\/\/chambres-hotes-sarzeau.fr\/wp-content\/uploads\/2025\/06\/20250605_095139-scaled.jpg 1440w\" sizes=\"auto, (max-width: 576px) 100vw, 576px\" \/><\/figure>\n\n\n\n<figure class=\"wp-block-image size-large\"><img alt=\"\" loading=\"lazy\" decoding=\"async\" width=\"576\" height=\"1024\" data-id=\"1262\" src=\"https:\/\/chambres-hotes-sarzeau.fr\/wp-content\/uploads\/2025\/06\/20250605_095231-576x1024.jpg\" alt=\"\" class=\"wp-image-1262\" srcset=\"https:\/\/chambres-hotes-sarzeau.fr\/wp-content\/uploads\/2025\/06\/20250605_095231-576x1024.jpg 576w, https:\/\/chambres-hotes-sarzeau.fr\/wp-content\/uploads\/2025\/06\/20250605_095231-169x300.jpg 169w, https:\/\/chambres-hotes-sarzeau.fr\/wp-content\/uploads\/2025\/06\/20250605_095231-768x1365.jpg 768w, https:\/\/chambres-hotes-sarzeau.fr\/wp-content\/uploads\/2025\/06\/20250605_095231-864x1536.jpg 864w, https:\/\/chambres-hotes-sarzeau.fr\/wp-content\/uploads\/2025\/06\/20250605_095231-1152x2048.jpg 1152w, https:\/\/chambres-hotes-sarzeau.fr\/wp-content\/uploads\/2025\/06\/20250605_095231-600x1067.jpg 600w, https:\/\/chambres-hotes-sarzeau.fr\/wp-content\/uploads\/2025\/06\/20250605_095231-scaled.jpg 1440w\" sizes=\"auto, (max-width: 576px) 100vw, 576px\" \/><\/figure>\n\n\n\n<figure class=\"wp-block-image size-large\"><img alt=\"\" loading=\"lazy\" decoding=\"async\" width=\"576\" height=\"1024\" data-id=\"1263\" src=\"https:\/\/chambres-hotes-sarzeau.fr\/wp-content\/uploads\/2025\/06\/20250605_095405-576x1024.jpg\" alt=\"\" class=\"wp-image-1263\" srcset=\"https:\/\/chambres-hotes-sarzeau.fr\/wp-content\/uploads\/2025\/06\/20250605_095405-576x1024.jpg 576w, https:\/\/chambres-hotes-sarzeau.fr\/wp-content\/uploads\/2025\/06\/20250605_095405-169x300.jpg 169w, https:\/\/chambres-hotes-sarzeau.fr\/wp-content\/uploads\/2025\/06\/20250605_095405-768x1365.jpg 768w, https:\/\/chambres-hotes-sarzeau.fr\/wp-content\/uploads\/2025\/06\/20250605_095405-864x1536.jpg 864w, https:\/\/chambres-hotes-sarzeau.fr\/wp-content\/uploads\/2025\/06\/20250605_095405-1152x2048.jpg 1152w, https:\/\/chambres-hotes-sarzeau.fr\/wp-content\/uploads\/2025\/06\/20250605_095405-600x1067.jpg 600w, https:\/\/chambres-hotes-sarzeau.fr\/wp-content\/uploads\/2025\/06\/20250605_095405-scaled.jpg 1440w\" sizes=\"auto, (max-width: 576px) 100vw, 576px\" \/><\/figure>\n\n\n\n<figure class=\"wp-block-image size-large\"><img alt=\"\" loading=\"lazy\" decoding=\"async\" width=\"1024\" height=\"576\" data-id=\"1270\" src=\"https:\/\/chambres-hotes-sarzeau.fr\/wp-content\/uploads\/2025\/06\/Emplacement-voiture-1024x576.jpg\" alt=\"\" class=\"wp-image-1270\" srcset=\"https:\/\/chambres-hotes-sarzeau.fr\/wp-content\/uploads\/2025\/06\/Emplacement-voiture-1024x576.jpg 1024w, https:\/\/chambres-hotes-sarzeau.fr\/wp-content\/uploads\/2025\/06\/Emplacement-voiture-300x169.jpg 300w, https:\/\/chambres-hotes-sarzeau.fr\/wp-content\/uploads\/2025\/06\/Emplacement-voiture-768x432.jpg 768w, https:\/\/chambres-hotes-sarzeau.fr\/wp-content\/uploads\/2025\/06\/Emplacement-voiture-1536x864.jpg 1536w, https:\/\/chambres-hotes-sarzeau.fr\/wp-content\/uploads\/2025\/06\/Emplacement-voiture-2048x1152.jpg 2048w, https:\/\/chambres-hotes-sarzeau.fr\/wp-content\/uploads\/2025\/06\/Emplacement-voiture-600x338.jpg 600w\" sizes=\"auto, (max-width: 1024px) 100vw, 1024px\" \/><\/figure>\n\n\n\n<figure class=\"wp-block-image size-large\"><img alt=\"\" loading=\"lazy\" decoding=\"async\" width=\"1024\" height=\"576\" data-id=\"1271\" src=\"https:\/\/chambres-hotes-sarzeau.fr\/wp-content\/uploads\/2025\/06\/Vue-Chambre-dhote-palissandre-a-sarzeau-golfe-du-morbihan-1024x576.jpg\" alt=\"\" class=\"wp-image-1271\" srcset=\"https:\/\/chambres-hotes-sarzeau.fr\/wp-content\/uploads\/2025\/06\/Vue-Chambre-dhote-palissandre-a-sarzeau-golfe-du-morbihan-1024x576.jpg 1024w, https:\/\/chambres-hotes-sarzeau.fr\/wp-content\/uploads\/2025\/06\/Vue-Chambre-dhote-palissandre-a-sarzeau-golfe-du-morbihan-300x169.jpg 300w, https:\/\/chambres-hotes-sarzeau.fr\/wp-content\/uploads\/2025\/06\/Vue-Chambre-dhote-palissandre-a-sarzeau-golfe-du-morbihan-768x432.jpg 768w, https:\/\/chambres-hotes-sarzeau.fr\/wp-content\/uploads\/2025\/06\/Vue-Chambre-dhote-palissandre-a-sarzeau-golfe-du-morbihan-1536x864.jpg 1536w, https:\/\/chambres-hotes-sarzeau.fr\/wp-content\/uploads\/2025\/06\/Vue-Chambre-dhote-palissandre-a-sarzeau-golfe-du-morbihan-2048x1152.jpg 2048w, https:\/\/chambres-hotes-sarzeau.fr\/wp-content\/uploads\/2025\/06\/Vue-Chambre-dhote-palissandre-a-sarzeau-golfe-du-morbihan-600x338.jpg 600w\" sizes=\"auto, (max-width: 1024px) 100vw, 1024px\" \/><\/figure>\n<\/figure>\n<\/div>\n<\/div>\n<\/div>\n\n\n\n<div style=\"height:22px\" aria-hidden=\"true\" class=\"wp-block-spacer\"><\/div>\n\n\n\n<div class=\"wp-block-buttons alignwide is-content-justification-center is-layout-flex wp-container-core-buttons-is-layout-a89b3969 wp-block-buttons-is-layout-flex\">\n<div class=\"wp-block-button\"><a class=\"wp-block-button__link wp-element-button\" href=\"https:\/\/chambres-hotes-sarzeau.fr\/index.php\/produit\/la-chambre-palissandre-elegance-et-lumiere-naturelle\/\">R\u00e9server la chambre Palissandre<\/a><\/div>\n<\/div>\n\n\n\n<p><\/p>\n","protected":false},"excerpt":{"rendered":"<p>A partir de 90 Euros la nuit petit d\u00e9jeuner inclus Une atmosph\u00e8re douce et apaisante La chambre Palissandre est une v\u00e9ritable invitation au calme et \u00e0 l\u2019\u00e9vasion. Son velux balcon inonde la pi\u00e8ce de lumi\u00e8re naturelle, cr\u00e9ant une sensation d\u2019espace et d\u2019ouverture sur l\u2019ext\u00e9rieur. Un cocon chaleureux et raffin\u00e9 Dans un esprit de campagne contemporaine, [&hellip;]<\/p>\n","protected":false},"author":1,"featured_media":0,"parent":0,"menu_order":0,"comment_status":"closed","ping_status":"closed","template":"","meta":{"_acf_changed":false,"_seopress_robots_primary_cat":"","_seopress_titles_title":"Chambre d'h\u00f4te Palissandre \u00e0 Sarzeau \u2013 Golfe du Morbihan","_seopress_titles_desc":"Envie d\u2019une escapade \u00e0 Sarzeau ? R\u00e9servez la chambre d'h\u00f4te Palissandre : cocooning pour 2 personnes, cadre calme et nature, proche plages et Golfe du Morbihan.","_seopress_robots_index":"","footnotes":""},"class_list":["post-1484","page","type-page","status-publish","hentry"],"acf":[],"jetpack_sharing_enabled":true,"_links":{"self":[{"href":"https:\/\/chambres-hotes-sarzeau.fr\/index.php\/wp-json\/wp\/v2\/pages\/1484","targetHints":{"allow":["GET"]}}],"collection":[{"href":"https:\/\/chambres-hotes-sarzeau.fr\/index.php\/wp-json\/wp\/v2\/pages"}],"about":[{"href":"https:\/\/chambres-hotes-sarzeau.fr\/index.php\/wp-json\/wp\/v2\/types\/page"}],"author":[{"embeddable":true,"href":"https:\/\/chambres-hotes-sarzeau.fr\/index.php\/wp-json\/wp\/v2\/users\/1"}],"replies":[{"embeddable":true,"href":"https:\/\/chambres-hotes-sarzeau.fr\/index.php\/wp-json\/wp\/v2\/comments?post=1484"}],"version-history":[{"count":11,"href":"https:\/\/chambres-hotes-sarzeau.fr\/index.php\/wp-json\/wp\/v2\/pages\/1484\/revisions"}],"predecessor-version":[{"id":1758,"href":"https:\/\/chambres-hotes-sarzeau.fr\/index.php\/wp-json\/wp\/v2\/pages\/1484\/revisions\/1758"}],"wp:attachment":[{"href":"https:\/\/chambres-hotes-sarzeau.fr\/index.php\/wp-json\/wp\/v2\/media?parent=1484"}],"curies":[{"name":"wp","href":"https:\/\/api.w.org\/{rel}","templated":true}]}}