{"id":1322,"date":"2025-06-20T13:56:28","date_gmt":"2025-06-20T11:56:28","guid":{"rendered":"http:\/\/chambres-hotes-sarzeau.fr\/?post_type=product&#038;p=1322"},"modified":"2026-04-03T11:42:41","modified_gmt":"2026-04-03T09:42:41","slug":"la-chambre-palissandre-elegance-et-lumiere-naturelle","status":"publish","type":"product","link":"https:\/\/chambres-hotes-sarzeau.fr\/index.php\/produit\/la-chambre-palissandre-elegance-et-lumiere-naturelle\/","title":{"rendered":"La chambre Palissandre \u2014 \u00c9l\u00e9gance et lumi\u00e8re naturelle"},"content":{"rendered":"\n<h3 class=\"wp-block-heading has-contrast-color has-text-color has-link-color has-large-font-size wp-elements-772c5fd9aeeb36905a62676065039291\">A partir de <strong>90 Euros<\/strong> <strong>la nuit<\/strong> Petit d\u00e9jeuner inclus<\/h3>\n\n\n\n<h3 class=\"wp-block-heading has-danger-color has-text-color has-link-color wp-elements-0c3d0cf6a365d7dd301cd53d30c23ddc\" style=\"font-size:clamp(16.293px, 1.018rem + ((1vw - 3.2px) * 0.898), 25px);\"><strong>Une atmosph\u00e8re douce et apaisante<\/strong><\/h3>\n\n\n\n<p>La <strong>chambre Palissandre<\/strong> est une v\u00e9ritable invitation au calme et \u00e0 l\u2019\u00e9vasion. Son <strong>velux balcon<\/strong> inonde la pi\u00e8ce de <strong>lumi\u00e8re naturelle<\/strong>, cr\u00e9ant une sensation d\u2019espace et d\u2019ouverture sur l\u2019ext\u00e9rieur.<\/p>\n\n\n\n<hr class=\"wp-block-separator has-alpha-channel-opacity\"\/>\n\n\n\n<h3 class=\"wp-block-heading has-danger-color has-text-color has-link-color wp-elements-3db3b0af89df170d802da6624e729782\"><strong>Un cocon chaleureux et raffin\u00e9<\/strong><\/h3>\n\n\n\n<p>Dans un esprit de <strong>campagne contemporaine<\/strong>, les <strong>tons blancs, beiges et terre de Sienne<\/strong>, associ\u00e9s \u00e0 des \u00e9l\u00e9ments de <strong>vannerie naturelle<\/strong>, donnent vie \u00e0 une ambiance \u00e0 la fois <strong>authentique, \u00e9pur\u00e9e et \u00e9l\u00e9gante<\/strong>.<\/p>\n\n\n\n<hr class=\"wp-block-separator has-alpha-channel-opacity\"\/>\n\n\n\n<h3 class=\"wp-block-heading has-danger-color has-text-color has-link-color wp-elements-3e3bfccea304a701be5f2ea2e03badc8\"><strong>Un lieu pour se ressourcer<\/strong><\/h3>\n\n\n\n<p>Ce cadre serein est id\u00e9al pour un <strong>s\u00e9jour romantique, une pause bien-\u00eatre ou une escapade en bord de mer<\/strong>. Chaque d\u00e9tail a \u00e9t\u00e9 pens\u00e9 pour votre confort.<\/p>\n\n\n\n<hr class=\"wp-block-separator has-alpha-channel-opacity\"\/>\n\n\n\n<h3 class=\"wp-block-heading has-danger-color has-text-color has-link-color wp-elements-811c368313dc28f277183ab491a04009\"><strong>R\u00e9servez votre parenth\u00e8se de s\u00e9r\u00e9nit\u00e9<\/strong><\/h3>\n\n\n\n<p>Offrez-vous un moment unique dans un d\u00e9cor inspirant.<br><strong>R\u00e9servez d\u00e8s maintenant votre s\u00e9jour dans la chambre Palissandre<\/strong> <strong>\u00e0 partir de 90 Euros<\/strong> <strong>la nuit<\/strong> <strong>Petit d\u00e9jeuner inclus.<\/strong><\/p>\n\n\n\n<p><\/p>\n\n\n\n<div class=\"wp-block-group alignwide has-global-padding is-layout-constrained wp-container-core-group-is-layout-ae9dff04 wp-block-group-is-layout-constrained\" style=\"margin-top:var(--wp--preset--spacing--30);margin-bottom:var(--wp--preset--spacing--30)\">\n<h2 class=\"wp-block-heading alignwide has-danger-color has-text-color has-link-color wp-elements-46eafc0364e393a6b5d42aaee3cf69bb\" style=\"font-size:clamp(16.293px, 1.018rem + ((1vw - 3.2px) * 0.898), 25px);font-style:normal;font-weight:500;line-height:1.36\"><strong>Chambre Palissandre ( 2 personnes )<\/strong><\/h2>\n\n\n\n<div class=\"wp-block-columns alignwide is-layout-flex wp-container-core-columns-is-layout-9dc1b829 wp-block-columns-is-layout-flex\" style=\"margin-top:24px\">\n<div class=\"wp-block-column is-layout-flow wp-block-column-is-layout-flow\">\n<div class=\"wp-block-group has-global-padding is-layout-constrained wp-block-group-is-layout-constrained\">\n<h2 class=\"wp-block-heading single-heading flex has-contrast-color has-text-color has-link-color wp-elements-cb8a8f81c8a0cffaac53c2b4d71741f2\" style=\"font-size:clamp(14px, 0.875rem + ((1vw - 3.2px) * 0.206), 16px);font-style:normal;font-weight:500;line-height:1.91\"> Chambres de 21 m 2 ( 1er \u00e9tage )<\/h2>\n\n\n\n<div class=\"wp-block-group is-content-justification-space-between is-nowrap is-layout-flex wp-container-core-group-is-layout-a89cfc96 wp-block-group-is-layout-flex\" style=\"border-bottom-color:var(--wp--preset--color--gray);border-bottom-width:1px;margin-top:0;margin-bottom:0;padding-top:14px;padding-bottom:13px\">\n<p style=\"text-transform:capitalize\">\u2705 1 lit de 160*200<\/p>\n<\/div>\n\n\n\n<div class=\"wp-block-group is-content-justification-space-between is-nowrap is-layout-flex wp-container-core-group-is-layout-212ebdc0 wp-block-group-is-layout-flex\" style=\"border-bottom-color:var(--wp--preset--color--gray);border-bottom-width:1px;margin-top:0;margin-bottom:0;padding-top:14px;padding-bottom:13px\">\n<p style=\"text-transform:capitalize\">\u2705 Coin salon<\/p>\n<\/div>\n\n\n\n<div class=\"wp-block-group is-content-justification-space-between is-nowrap is-layout-flex wp-container-core-group-is-layout-212ebdc0 wp-block-group-is-layout-flex\" style=\"border-bottom-color:var(--wp--preset--color--gray);border-bottom-width:1px;margin-top:0;margin-bottom:0;padding-top:14px;padding-bottom:13px\">\n<p style=\"text-transform:capitalize\">\u2705 Entr\u00e9e Commune<\/p>\n<\/div>\n\n\n\n<div class=\"wp-block-group is-content-justification-space-between is-nowrap is-layout-flex wp-container-core-group-is-layout-212ebdc0 wp-block-group-is-layout-flex\" style=\"border-bottom-color:var(--wp--preset--color--gray);border-bottom-width:1px;margin-top:0;margin-bottom:0;padding-top:14px;padding-bottom:13px\">\n<p style=\"text-transform:capitalize\">\u2705 T\u00e9l\u00e9vision<\/p>\n<\/div>\n\n\n\n<div class=\"wp-block-group is-content-justification-space-between is-nowrap is-layout-flex wp-container-core-group-is-layout-212ebdc0 wp-block-group-is-layout-flex\" style=\"border-bottom-color:var(--wp--preset--color--gray);border-bottom-width:1px;margin-top:0;margin-bottom:0;padding-top:14px;padding-bottom:13px\">\n<p style=\"text-transform:capitalize\">\u2705 Linge de lit<\/p>\n<\/div>\n\n\n\n<div class=\"wp-block-group is-content-justification-space-between is-nowrap is-layout-flex wp-container-core-group-is-layout-212ebdc0 wp-block-group-is-layout-flex\" style=\"border-bottom-color:var(--wp--preset--color--gray);border-bottom-width:1px;margin-top:0;margin-bottom:0;padding-top:14px;padding-bottom:13px\">\n<p style=\"text-transform:capitalize\">\u2705 Armoire \/ Penderie<\/p>\n<\/div>\n<\/div>\n<\/div>\n\n\n\n<div class=\"wp-block-column is-layout-flow wp-block-column-is-layout-flow\">\n<div class=\"wp-block-group has-global-padding is-layout-constrained wp-block-group-is-layout-constrained\">\n<h2 class=\"wp-block-heading single-heading flex has-contrast-color has-text-color has-link-color wp-elements-d709d1788ab830da2e3533b52930c638\" style=\"font-size:clamp(14px, 0.875rem + ((1vw - 3.2px) * 0.206), 16px);font-style:normal;font-weight:500;line-height:1.91\">Salle de bains priv\u00e9e<\/h2>\n\n\n\n<div class=\"wp-block-group is-content-justification-space-between is-nowrap is-layout-flex wp-container-core-group-is-layout-212ebdc0 wp-block-group-is-layout-flex\" style=\"border-bottom-color:var(--wp--preset--color--gray);border-bottom-width:1px;margin-top:0;margin-bottom:0;padding-top:14px;padding-bottom:13px\">\n<p style=\"text-transform:capitalize\">\u2705 Douche<\/p>\n<\/div>\n\n\n\n<div class=\"wp-block-group is-content-justification-space-between is-nowrap is-layout-flex wp-container-core-group-is-layout-212ebdc0 wp-block-group-is-layout-flex\" style=\"border-bottom-color:var(--wp--preset--color--gray);border-bottom-width:1px;margin-top:0;margin-bottom:0;padding-top:14px;padding-bottom:13px\">\n<p style=\"text-transform:capitalize\">\u2705 Vasque<\/p>\n<\/div>\n\n\n\n<div class=\"wp-block-group is-content-justification-space-between is-nowrap is-layout-flex wp-container-core-group-is-layout-212ebdc0 wp-block-group-is-layout-flex\" style=\"border-bottom-color:var(--wp--preset--color--gray);border-bottom-width:1px;margin-top:0;margin-bottom:0;padding-top:14px;padding-bottom:13px\">\n<p style=\"text-transform:capitalize\">\u2705 Linge de Toilette<\/p>\n<\/div>\n\n\n\n<div class=\"wp-block-group is-content-justification-space-between is-nowrap is-layout-flex wp-container-core-group-is-layout-212ebdc0 wp-block-group-is-layout-flex\" style=\"border-bottom-color:var(--wp--preset--color--gray);border-bottom-width:1px;margin-top:0;margin-bottom:0;padding-top:14px;padding-bottom:13px\">\n<p style=\"text-transform:capitalize\">\u2705 Savon \/ Shampoing<\/p>\n<\/div>\n\n\n\n<div class=\"wp-block-group is-content-justification-space-between is-nowrap is-layout-flex wp-container-core-group-is-layout-212ebdc0 wp-block-group-is-layout-flex\" style=\"margin-top:0;margin-bottom:0;padding-top:14px;padding-bottom:13px\">\n<p style=\"text-transform:capitalize\">\u2705 S\u00e8che-cheveux<\/p>\n<\/div>\n<\/div>\n<\/div>\n\n\n\n<div class=\"wp-block-column is-layout-flow wp-block-column-is-layout-flow\">\n<div class=\"wp-block-group has-global-padding is-layout-constrained wp-block-group-is-layout-constrained\">\n<h2 class=\"wp-block-heading single-heading flex has-contrast-color has-text-color has-link-color wp-elements-d629d1ca38dbf1587c9f6c42f63433d5\" style=\"font-size:clamp(14px, 0.875rem + ((1vw - 3.2px) * 0.206), 16px);font-style:normal;font-weight:500;line-height:1.91\">Ext\u00e9rieur<\/h2>\n\n\n\n<div class=\"wp-block-group is-content-justification-space-between is-nowrap is-layout-flex wp-container-core-group-is-layout-212ebdc0 wp-block-group-is-layout-flex\" style=\"border-bottom-color:var(--wp--preset--color--gray);border-bottom-width:1px;margin-top:0;margin-bottom:0;padding-top:14px;padding-bottom:13px\">\n<p style=\"text-transform:capitalize\">\u2705 Vue sur le Jardin<\/p>\n<\/div>\n\n\n\n<div class=\"wp-block-group is-content-justification-space-between is-nowrap is-layout-flex wp-container-core-group-is-layout-212ebdc0 wp-block-group-is-layout-flex\" style=\"border-bottom-color:var(--wp--preset--color--gray);border-bottom-width:1px;margin-top:0;margin-bottom:0;padding-top:14px;padding-bottom:13px\">\n<p style=\"text-transform:capitalize\">\u2705 Velux balcon<\/p>\n<\/div>\n\n\n\n<h2 class=\"wp-block-heading single-heading flex has-contrast-color has-text-color has-link-color wp-elements-ef303734abbb34312ba51320113d29f4\" style=\"font-size:clamp(14px, 0.875rem + ((1vw - 3.2px) * 0.206), 16px);font-style:normal;font-weight:500;line-height:1.91\">WC priv\u00e9 dans la salle de Bains<\/h2>\n<\/div>\n<\/div>\n<\/div>\n<\/div>\n","protected":false},"excerpt":{"rendered":"<p>A partir de 90 Euros la nuit Petit d\u00e9jeuner inclus Une atmosph\u00e8re douce et apaisante La chambre Palissandre est une v\u00e9ritable invitation au calme et \u00e0 l\u2019\u00e9vasion. Son velux balcon inonde la pi\u00e8ce de lumi\u00e8re naturelle, cr\u00e9ant une sensation d\u2019espace et d\u2019ouverture sur l\u2019ext\u00e9rieur. Un cocon chaleureux et raffin\u00e9 Dans un esprit de campagne contemporaine, [&hellip;]<\/p>\n","protected":false},"featured_media":1323,"comment_status":"open","ping_status":"closed","template":"","meta":{"_acf_changed":false,"_seopress_robots_primary_cat":"","_seopress_titles_title":"Chambre d\u2019h\u00f4tes \u00e0 Sarzeau \u2013 Palissandre - Golfe du Morbihan","_seopress_titles_desc":"Chambre d\u2019h\u00f4tes \u00e0 Sarzeau, la chambre Palissandre accueille 2 personnes dans un cadre calme et lumineux, proche du Golfe du Morbihan et des plages.","_seopress_robots_index":""},"product_brand":[],"product_cat":[15],"product_tag":[],"class_list":{"0":"post-1322","1":"product","2":"type-product","3":"status-publish","4":"has-post-thumbnail","6":"product_cat-chambres-d-hotes","8":"first","9":"instock","10":"sold-individually","11":"shipping-taxable","12":"purchasable","13":"product-type-accommodation-booking"},"booking_location":"","booking_location_type":"","booking_duration":1,"booking_duration_unit":"night","booking_buffer":0,"booking_cost":0,"booking_resources":[],"acf":[],"jetpack_sharing_enabled":true,"_links":{"self":[{"href":"https:\/\/chambres-hotes-sarzeau.fr\/index.php\/wp-json\/wp\/v2\/product\/1322","targetHints":{"allow":["GET"]}}],"collection":[{"href":"https:\/\/chambres-hotes-sarzeau.fr\/index.php\/wp-json\/wp\/v2\/product"}],"about":[{"href":"https:\/\/chambres-hotes-sarzeau.fr\/index.php\/wp-json\/wp\/v2\/types\/product"}],"replies":[{"embeddable":true,"href":"https:\/\/chambres-hotes-sarzeau.fr\/index.php\/wp-json\/wp\/v2\/comments?post=1322"}],"wp:featuredmedia":[{"embeddable":true,"href":"https:\/\/chambres-hotes-sarzeau.fr\/index.php\/wp-json\/wp\/v2\/media\/1323"}],"wp:attachment":[{"href":"https:\/\/chambres-hotes-sarzeau.fr\/index.php\/wp-json\/wp\/v2\/media?parent=1322"}],"wp:term":[{"taxonomy":"product_brand","embeddable":true,"href":"https:\/\/chambres-hotes-sarzeau.fr\/index.php\/wp-json\/wp\/v2\/product_brand?post=1322"},{"taxonomy":"product_cat","embeddable":true,"href":"https:\/\/chambres-hotes-sarzeau.fr\/index.php\/wp-json\/wp\/v2\/product_cat?post=1322"},{"taxonomy":"product_tag","embeddable":true,"href":"https:\/\/chambres-hotes-sarzeau.fr\/index.php\/wp-json\/wp\/v2\/product_tag?post=1322"}],"curies":[{"name":"wp","href":"https:\/\/api.w.org\/{rel}","templated":true}]}}